f 5561?
1
What is the thousands digit of 1626?
1
What is the ten thousands digit of 74226?
7
What is the tens digit of 4282?
8
What is the thousands digit of 1723?
1
What is the ten thousands digit of 14583?
1
What is the thousands digit of 102992?
2
What is the hundreds digit of 3025?
0
What is the thousands digit of 3027?
3
What is the units digit of 141224?
4
What is the thousands digit of 72622?
2
What is the thousands digit of 1770?
1
What is the hundreds digit of 4129?
1
What is the ten thousands digit of 10532?
1
What is the ten thousands digit of 15029?
1
What is the hundreds digit of 975?
9
What is the units digit of 989?
9
What is the hundreds digit of 43043?
0
What is the hundreds digit of 4726?
7
What is the hundreds digit of 4562?
5
What is the units digit of 35172?
2
What is the tens digit of 832?
3
What is the units digit of 27317?
7
What is the units digit of 1141?
1
What is the thousands digit of 5919?
5
What is the ten thousands digit of 111392?
1
What is the units digit of 2183?
3
What is the units digit of 2523?
3
What is the units digit of 19036?
6
What is the hundreds digit of 889?
8
What is the units digit of 5416?
6
What is the units digit of 85673?
3
What is the hundreds digit of 28459?
4
What is the hundreds digit of 1146?
1
What is the hundreds digit of 7877?
8
What is the tens digit of 29806?
0
What is the hundreds digit of 4204?
2
What is the thousands digit of 1273?
1
What is the hundreds digit of 3953?
9
What is the tens digit of 8261?
6
What is the units digit of 23896?
6
What is the units digit of 33824?
4
What is the ten thousands digit of 19199?
1
What is the thousands digit of 27101?
7
What is the ten thousands digit of 167389?
6
What is the tens digit of 64272?
7
What is the ten thousands digit of 49432?
4
What is the ten thousands digit of 149221?
4
What is the tens digit of 2741?
4
What is the hundreds digit of 19009?
0
What is the units digit of 114?
4
What is the tens digit of 26?
2
What is the ten thousands digit of 15044?
1
What is the units digit of 511?
1
What is the units digit of 16804?
4
What is the hundreds digit of 158?
1
What is the units digit of 42448?
8
What is the thousands digit of 30373?
0
What is the thousands digit of 2748?
2
What is the hundreds digit of 3374?
3
What is the units digit of 4568?
8
What is the units digit of 2183?
3
What is the ten thousands digit of 52936?
5
What is the units digit of 341?
1
What is the units digit of 9991?
1
What is the units digit of 14204?
4
What is the hundreds digit of 4060?
0
What is the units digit of 81389?
9
What is the thousands digit of 5932?
5
What is the units digit of 775?
5
What is the tens digit of 20987?
8
What is the thousands digit of 91374?
1
What is the units digit of 74004?
4
What is the thousands digit of 156529?
6
What is the tens digit of 7487?
8
What is the thousands digit of 21333?
1
What is the tens digit of 42004?
0
What is the hundreds digit of 1534?
5
What is the ten thousands digit of 13907?
1
What is the tens digit of 4523?
2
What is the ten thousands digit of 84222?
8
What is the tens digit of 90?
9
What is the hundreds digit of 12540?
5
What is the thousands digit of 1699?
1
What is the thousands digit of 99407?
9
What is the hundreds digit of 1160?
1
What is the units digit of 2665?
5
What is the tens digit of 11240?
4
What is the tens digit of 67862?
6
What is the tens digit of 766?
6
What is the hundreds digit of 106?
1
What is the units digit of 34050?
0
What is the tens digit of 971?
7
What is the units digit of 8384?
4
What is the hundreds digit of 1355?
3
What is the thousands digit of 3465?
3
What is the units digit of 4924?
4
What is the hundreds digit of 4455?
4
What is the units digit of 4049?
9
What is the tens digit of 136?
3
What is the units digit of 3994?
4
What is the thousands digit of 2560?
2
What is the tens digit of 46836?
3
What is the tens digit of 3962?
6
What is the ten thousands digit of 15574?
1
What is the tens digit of 21111?
1
What is the tens digit of 78390?
9
What is the hundreds digit of 11743?
7
What is the units digit of 540?
0
What is the ten thousands digit of 142874?
4
What is the thousands digit of 2425?
2
What is the hundreds digit of 251?
2
What is the thousands digit of 107700?
7
What is the tens digit of 503?
0
What is the thousands digit of 5839?
5
What is the tens digit of 55639?
3
What is the thousands digit of 9239?
9
What is the tens digit of 341?
4
What is the units digit of 4378?
8
What is the hundreds digit of 99164?
1
What is the tens digit of 26015?
1
What is the hundreds digit of 8288?
2
What is the hundreds digit of 31193?
1
What is the hundred thousands digit of 161414?
1
What is the thousands digit of 85962?
5
What is the tens digit of 175?
7
What is the hundreds digit of 428?
4
What is the thousands digit of 71221?
1
What is the ten thousands digit of 80322?
8
What is the hundreds digit of 16416?
4
What is the hundreds digit of 6002?
0
What is the hundreds digit of 1675?
6
What is the hundreds digit of 111872?
8
What is the thousands digit of 1344?
1
What is the thousands digit of 186440?
6
What is the thousands digit of 6384?
6
What is the units digit of 1515?
5
What is the tens digit of 2444?
4
What is the tens digit of 11632?
3
What is the ten thousands digit of 86046?
8
What is the tens digit of 670?
7
What is the tens digit of 948?
4
What is the units digit of 14469?
9
What is the hundreds digit of 1978?
9
What is the units digit of 3287?
7
What is the units digit of 188?
8
What is the hundreds digit of 35248?
2
What is the units digit of 836?
6
What is the tens digit of 2284?
8
What is the thousands digit of 45544?
5
What is the hundreds digit of 2099?
0
What is the tens digit of 4677?
7
What is the thousands digit of 83674?
3
What is the ten thousands digit of 14302?
1
What is the ten thousands digit of 22718?
2
What is the units digit of 38097?
7
What is the ten thousands digit of 23470?
2
What is the thousands digit of 3628?
3
What is the hundreds digit of 15448?
4
What is the thousands digit of 23272?
3
What is the thousands digit of 9684?
9
What is the units digit of 5463?
3
What is the units digit of 723?
3
What is the units digit of 453?
3
What is the ten thousands digit of 12031?
1
What is the units digit of 961?
1
What is the units digit of 5591?
1
What is the thousands digit of 30871?
0
What is the tens digit of 482?
8
What is the units digit of 101638?
8
What is the units digit of 44676?
6
What is the hundreds digit of 45317?
3
What is the units digit of 873?
3
What is the units digit of 3785?
5
What is the tens digit of 23776?
7
What is the hundreds digit of 490?
4
What is the hundreds digit of 5925?
9
What is the ten thousands digit of 47370?
4
What is the tens digit of 690?
9
What is the hundreds digit of 40556?
5
What is the hundreds digit of 13719?
7
What is the thousands digit of 1689?
1
What is the hundreds digit of 1545?
5
What is the thousands digit of 4186?
4
What is the tens digit of 9254?
5
What is the tens digit of 318?
1
What is the ten thousands digit of 26309?
2
What is the thousands digit of 14275?
4
What is the tens digit of 43571?
7
What is the hundreds digit of 922?
9
What is the thousands digit of 5137?
5
What is the units digit of 2850?
0
What is the units digit of 3024?
4
What is the hundreds digit of 543?
5
What is the units digit of 771?
1
What is the units digit of 4863?
3
What is the tens digit of 120?
2
What is the hundreds digit of 5077?
0
What is the tens digit of 35120?
2
What is the ten thousands digit of 11659?
1
What is the units digit of 226?
6
What is the hundreds digit of 6229?
2
What is the tens digit of 33515?
1
What is the hundreds digit of 26274?
2
What is the tens digit of 7249?
4
What is the units digit of 885?
5
What is the hundreds digit of 3376?
3
What is the hundreds digit of 29588?
5
What is the units digit of 38?
8
What is the tens digit of 8303?
0
What is the ten thousands digit of 25774?
2
What is the units digit of 16803?
3
What is the tens digit of 664?
6
What is the thousands digit of 26787?
6
What is the tens digit of 152168?
6
What is the units digit of 1080?
0
What is the thousands digit of 1119?
1
What is the tens digit of 21690?
9
What is the tens digit of 63395?
9
What is the thou